{"id":485,"date":"2024-01-19T21:02:59","date_gmt":"2024-01-19T20:02:59","guid":{"rendered":"https:\/\/opticaeyeconic.com\/index.php\/product\/0rb4440-n-60171\/"},"modified":"2024-08-13T18:13:55","modified_gmt":"2024-08-13T23:13:55","slug":"0rb4440-n-60171","status":"publish","type":"product","link":"https:\/\/opticaeyeconic.com\/index.php\/product\/0rb4440-n-60171\/","title":{"rendered":"Ray Ban &#8211; 0RB4440-N 60171"},"content":{"rendered":"<p>Una de las formas m\u00e1s ic\u00f3nicas con un aspecto totalmente nuevo: El modelo Wayfarer con lentes Blaze sobre la montura.Las nuevas gafas con lentes Blaze sobre la montura da a este modelo una actitud futurista mientras que la montura transparente realza su elegancia. El resultado de esta combinaci\u00f3n es un efecto atractivo, atrevido e iluminador.A excepci\u00f3n de la versi\u00f3n negro total y havana, las monturas y patillas se presentan en colores contrastantes e impactantes.<\/p>\n","protected":false},"excerpt":{"rendered":"<p>Gafas RAY BAN 0RB4440-N 60171<\/p>\n","protected":false},"featured_media":1189,"comment_status":"closed","ping_status":"closed","template":"","meta":{"_acf_changed":false,"_joinchat":[]},"product_cat":[52,30],"product_tag":[],"acf":[],"_links":{"self":[{"href":"https:\/\/opticaeyeconic.com\/index.php\/wp-json\/wp\/v2\/product\/485"}],"collection":[{"href":"https:\/\/opticaeyeconic.com\/index.php\/wp-json\/wp\/v2\/product"}],"about":[{"href":"https:\/\/opticaeyeconic.com\/index.php\/wp-json\/wp\/v2\/types\/product"}],"replies":[{"embeddable":true,"href":"https:\/\/opticaeyeconic.com\/index.php\/wp-json\/wp\/v2\/comments?post=485"}],"wp:featuredmedia":[{"embeddable":true,"href":"https:\/\/opticaeyeconic.com\/index.php\/wp-json\/wp\/v2\/media\/1189"}],"wp:attachment":[{"href":"https:\/\/opticaeyeconic.com\/index.php\/wp-json\/wp\/v2\/media?parent=485"}],"wp:term":[{"taxonomy":"product_cat","embeddable":true,"href":"https:\/\/opticaeyeconic.com\/index.php\/wp-json\/wp\/v2\/product_cat?post=485"},{"taxonomy":"product_tag","embeddable":true,"href":"https:\/\/opticaeyeconic.com\/index.php\/wp-json\/wp\/v2\/product_tag?post=485"}],"curies":[{"name":"wp","href":"https:\/\/api.w.org\/{rel}","templated":true}]}}