{"id":437,"date":"2024-01-19T21:02:55","date_gmt":"2024-01-19T20:02:55","guid":{"rendered":"https:\/\/opticaeyeconic.com\/index.php\/product\/gu1937-d-092-54\/"},"modified":"2024-08-14T16:25:56","modified_gmt":"2024-08-14T21:25:56","slug":"gu1937-d-092-54","status":"publish","type":"product","link":"https:\/\/opticaeyeconic.com\/index.php\/product\/gu1937-d-092-54\/","title":{"rendered":"Guess &#8211; GU1937-D 092 54"},"content":{"rendered":"<p>Las populares y favoritas gafas Guess GU1937-D Asian Fit est\u00e1n disponibles en monturas Azul que est\u00e1n finamente elaboradas con Pl\u00e1stico<\/p>\n","protected":false},"excerpt":{"rendered":"<p>Armaz\u00f3n GUESS GU1937-D 092 54<\/p>\n","protected":false},"featured_media":1452,"comment_status":"closed","ping_status":"closed","template":"","meta":{"_acf_changed":false,"_joinchat":[]},"product_cat":[53,36],"product_tag":[],"acf":[],"_links":{"self":[{"href":"https:\/\/opticaeyeconic.com\/index.php\/wp-json\/wp\/v2\/product\/437"}],"collection":[{"href":"https:\/\/opticaeyeconic.com\/index.php\/wp-json\/wp\/v2\/product"}],"about":[{"href":"https:\/\/opticaeyeconic.com\/index.php\/wp-json\/wp\/v2\/types\/product"}],"replies":[{"embeddable":true,"href":"https:\/\/opticaeyeconic.com\/index.php\/wp-json\/wp\/v2\/comments?post=437"}],"wp:featuredmedia":[{"embeddable":true,"href":"https:\/\/opticaeyeconic.com\/index.php\/wp-json\/wp\/v2\/media\/1452"}],"wp:attachment":[{"href":"https:\/\/opticaeyeconic.com\/index.php\/wp-json\/wp\/v2\/media?parent=437"}],"wp:term":[{"taxonomy":"product_cat","embeddable":true,"href":"https:\/\/opticaeyeconic.com\/index.php\/wp-json\/wp\/v2\/product_cat?post=437"},{"taxonomy":"product_tag","embeddable":true,"href":"https:\/\/opticaeyeconic.com\/index.php\/wp-json\/wp\/v2\/product_tag?post=437"}],"curies":[{"name":"wp","href":"https:\/\/api.w.org\/{rel}","templated":true}]}}