{"id":416,"date":"2024-01-19T21:02:54","date_gmt":"2024-01-19T20:02:54","guid":{"rendered":"https:\/\/opticaeyeconic.com\/index.php\/product\/ch-0074-2m2-black-gold-53-16-145\/"},"modified":"2024-04-16T18:59:28","modified_gmt":"2024-04-16T23:59:28","slug":"ch-0074-2m2-black-gold-53-16-145","status":"publish","type":"product","link":"https:\/\/opticaeyeconic.com\/index.php\/product\/ch-0074-2m2-black-gold-53-16-145\/","title":{"rendered":"Carolina Herrera &#8211; CH 0074 2M2 BLACK GOLD-53-16-145"},"content":{"rendered":"<p>Esta temporada, las gafas Carolina Herrera CH 0074 son una opci\u00f3n fashion y vanguardista. Para una \u00f3ptima visi\u00f3n, ofrecemos gafas graduadas profesionales que combinan con tus monturas Black Gold y est\u00e1n hechas de Stainless Steel.<\/p>\n","protected":false},"excerpt":{"rendered":"<p>Armaz\u00f3n Carolina Herrera CH 0074 2M2 BLACK GOLD-53-16-145<\/p>\n","protected":false},"featured_media":1010,"comment_status":"closed","ping_status":"closed","template":"","meta":{"_acf_changed":false,"_joinchat":[]},"product_cat":[53,32],"product_tag":[],"acf":[],"_links":{"self":[{"href":"https:\/\/opticaeyeconic.com\/index.php\/wp-json\/wp\/v2\/product\/416"}],"collection":[{"href":"https:\/\/opticaeyeconic.com\/index.php\/wp-json\/wp\/v2\/product"}],"about":[{"href":"https:\/\/opticaeyeconic.com\/index.php\/wp-json\/wp\/v2\/types\/product"}],"replies":[{"embeddable":true,"href":"https:\/\/opticaeyeconic.com\/index.php\/wp-json\/wp\/v2\/comments?post=416"}],"wp:featuredmedia":[{"embeddable":true,"href":"https:\/\/opticaeyeconic.com\/index.php\/wp-json\/wp\/v2\/media\/1010"}],"wp:attachment":[{"href":"https:\/\/opticaeyeconic.com\/index.php\/wp-json\/wp\/v2\/media?parent=416"}],"wp:term":[{"taxonomy":"product_cat","embeddable":true,"href":"https:\/\/opticaeyeconic.com\/index.php\/wp-json\/wp\/v2\/product_cat?post=416"},{"taxonomy":"product_tag","embeddable":true,"href":"https:\/\/opticaeyeconic.com\/index.php\/wp-json\/wp\/v2\/product_tag?post=416"}],"curies":[{"name":"wp","href":"https:\/\/api.w.org\/{rel}","templated":true}]}}