{"id":2328,"date":"2024-04-18T14:22:05","date_gmt":"2024-04-18T19:22:05","guid":{"rendered":"https:\/\/opticaeyeconic.com\/index.php\/product\/dk-5000-014\/"},"modified":"2024-04-18T15:41:59","modified_gmt":"2024-04-18T20:41:59","slug":"dk-5000-014","status":"publish","type":"product","link":"https:\/\/opticaeyeconic.com\/index.php\/product\/dk-5000-014\/","title":{"rendered":"DK 5000 014"},"content":{"rendered":"<p>Inspir\u00e1ndose en la casa de moda, DKNY Eyewear est\u00e1 dise\u00f1ada para dondequiera que te lleve el d\u00eda. El estilo vers\u00e1til actualiza las formas tradicionales para crear una colecci\u00f3n de obras maestras modernas<\/p>\n","protected":false},"excerpt":{"rendered":"<p>Armaz\u00f3n DKNY DK 5000 014<\/p>\n","protected":false},"featured_media":2424,"comment_status":"closed","ping_status":"closed","template":"","meta":{"_acf_changed":false,"_joinchat":[]},"product_cat":[53,47],"product_tag":[],"acf":[],"_links":{"self":[{"href":"https:\/\/opticaeyeconic.com\/index.php\/wp-json\/wp\/v2\/product\/2328"}],"collection":[{"href":"https:\/\/opticaeyeconic.com\/index.php\/wp-json\/wp\/v2\/product"}],"about":[{"href":"https:\/\/opticaeyeconic.com\/index.php\/wp-json\/wp\/v2\/types\/product"}],"replies":[{"embeddable":true,"href":"https:\/\/opticaeyeconic.com\/index.php\/wp-json\/wp\/v2\/comments?post=2328"}],"wp:featuredmedia":[{"embeddable":true,"href":"https:\/\/opticaeyeconic.com\/index.php\/wp-json\/wp\/v2\/media\/2424"}],"wp:attachment":[{"href":"https:\/\/opticaeyeconic.com\/index.php\/wp-json\/wp\/v2\/media?parent=2328"}],"wp:term":[{"taxonomy":"product_cat","embeddable":true,"href":"https:\/\/opticaeyeconic.com\/index.php\/wp-json\/wp\/v2\/product_cat?post=2328"},{"taxonomy":"product_tag","embeddable":true,"href":"https:\/\/opticaeyeconic.com\/index.php\/wp-json\/wp\/v2\/product_tag?post=2328"}],"curies":[{"name":"wp","href":"https:\/\/api.w.org\/{rel}","templated":true}]}}