{"id":2060,"date":"2024-04-17T12:18:59","date_gmt":"2024-04-17T17:18:59","guid":{"rendered":"https:\/\/opticaeyeconic.com\/index.php\/product\/fe-2043-drgr\/"},"modified":"2025-06-11T16:45:10","modified_gmt":"2025-06-11T21:45:10","slug":"fe-2043-drgr","status":"publish","type":"product","link":"https:\/\/opticaeyeconic.com\/index.php\/product\/fe-2043-drgr\/","title":{"rendered":"FE 2043 BRGR"},"content":{"rendered":"<p>Armaz\u00f3n CLIP ON, 2 en 1, lentes y gafas para tu protecci\u00f3n total, m\u00e1ximo confort, elegancia y estilo. Solo con armazones FESTINA CLIP ON. Destaca y mantente siempre protegido ante todo tipo de radiaci\u00f3n.<\/p>\n","protected":false},"excerpt":{"rendered":"<p>Armaz\u00f3n FESTINA CLIP ON FE 2043 DRGR<\/p>\n","protected":false},"featured_media":3298,"comment_status":"closed","ping_status":"closed","template":"","meta":{"_acf_changed":false,"_joinchat":[]},"product_cat":[53,51,52],"product_tag":[],"acf":[],"_links":{"self":[{"href":"https:\/\/opticaeyeconic.com\/index.php\/wp-json\/wp\/v2\/product\/2060"}],"collection":[{"href":"https:\/\/opticaeyeconic.com\/index.php\/wp-json\/wp\/v2\/product"}],"about":[{"href":"https:\/\/opticaeyeconic.com\/index.php\/wp-json\/wp\/v2\/types\/product"}],"replies":[{"embeddable":true,"href":"https:\/\/opticaeyeconic.com\/index.php\/wp-json\/wp\/v2\/comments?post=2060"}],"wp:featuredmedia":[{"embeddable":true,"href":"https:\/\/opticaeyeconic.com\/index.php\/wp-json\/wp\/v2\/media\/3298"}],"wp:attachment":[{"href":"https:\/\/opticaeyeconic.com\/index.php\/wp-json\/wp\/v2\/media?parent=2060"}],"wp:term":[{"taxonomy":"product_cat","embeddable":true,"href":"https:\/\/opticaeyeconic.com\/index.php\/wp-json\/wp\/v2\/product_cat?post=2060"},{"taxonomy":"product_tag","embeddable":true,"href":"https:\/\/opticaeyeconic.com\/index.php\/wp-json\/wp\/v2\/product_tag?post=2060"}],"curies":[{"name":"wp","href":"https:\/\/api.w.org\/{rel}","templated":true}]}}