{"id":2000,"date":"2024-04-16T18:28:15","date_gmt":"2024-04-16T23:28:15","guid":{"rendered":"https:\/\/opticaeyeconic.com\/index.php\/product\/alp-2039-nobl\/"},"modified":"2025-06-11T16:29:12","modified_gmt":"2025-06-11T21:29:12","slug":"alp-2039-nobl","status":"publish","type":"product","link":"https:\/\/opticaeyeconic.com\/index.php\/product\/alp-2039-nobl\/","title":{"rendered":"ALP &#8211; 2039 NOBL"},"content":{"rendered":"<p>Hermosa montura met\u00e1lica biselada con patillas de titanio y tapas finales con decoraci\u00f3n met\u00e1lica insertada.<\/p>\n","protected":false},"excerpt":{"rendered":"<p>Armaz\u00f3n ALPINE ALP &#8211; 2039 NOBL<\/p>\n","protected":false},"featured_media":3296,"comment_status":"open","ping_status":"closed","template":"","meta":{"_acf_changed":false,"_joinchat":[]},"product_cat":[50,53],"product_tag":[],"acf":[],"_links":{"self":[{"href":"https:\/\/opticaeyeconic.com\/index.php\/wp-json\/wp\/v2\/product\/2000"}],"collection":[{"href":"https:\/\/opticaeyeconic.com\/index.php\/wp-json\/wp\/v2\/product"}],"about":[{"href":"https:\/\/opticaeyeconic.com\/index.php\/wp-json\/wp\/v2\/types\/product"}],"replies":[{"embeddable":true,"href":"https:\/\/opticaeyeconic.com\/index.php\/wp-json\/wp\/v2\/comments?post=2000"}],"wp:featuredmedia":[{"embeddable":true,"href":"https:\/\/opticaeyeconic.com\/index.php\/wp-json\/wp\/v2\/media\/3296"}],"wp:attachment":[{"href":"https:\/\/opticaeyeconic.com\/index.php\/wp-json\/wp\/v2\/media?parent=2000"}],"wp:term":[{"taxonomy":"product_cat","embeddable":true,"href":"https:\/\/opticaeyeconic.com\/index.php\/wp-json\/wp\/v2\/product_cat?post=2000"},{"taxonomy":"product_tag","embeddable":true,"href":"https:\/\/opticaeyeconic.com\/index.php\/wp-json\/wp\/v2\/product_tag?post=2000"}],"curies":[{"name":"wp","href":"https:\/\/api.w.org\/{rel}","templated":true}]}}